e
Is 3491 composite?
False
Is 276433 prime?
False
Is 2537 a prime number?
False
Is 47539 a composite number?
True
Is 84937 a composite number?
True
Is 112939 a composite number?
False
Is 9382 composite?
True
Is 4028702 composite?
True
Is 1122367 composite?
False
Is 182543 a composite number?
True
Is 126835 composite?
True
Is 72109 prime?
True
Is 703 prime?
False
Is 3986357 composite?
False
Is 33379 prime?
False
Is 47903 prime?
True
Is 20869 a composite number?
True
Is 103919 composite?
False
Is 10334 prime?
False
Is 3158 prime?
False
Is 275513 a prime number?
False
Is 55983 prime?
False
Is 5219 composite?
True
Is 115399 prime?
True
Is 9983 a prime number?
False
Is 575809 a prime number?
False
Is 1363 a composite number?
True
Is 6467 a prime number?
False
Is 54371 a composite number?
False
Is 30059 composite?
False
Is 34631 a composite number?
False
Is 654877 composite?
False
Is 2611 prime?
False
Is 241915 composite?
True
Is 2707877 composite?
True
Is 10771 a composite number?
False
Is 5779 a prime number?
True
Is 50359 a prime number?
True
Is 40855 composite?
True
Is 401567 composite?
False
Is 99887 prime?
False
Is 3022507 composite?
False
Is 4229 prime?
True
Is 2927 prime?
True
Is 4711 a composite number?
True
Is 126443 a prime number?
True
Is 622949 prime?
False
Is 115963 a composite number?
False
Is 49727 prime?
True
Is 65791 composite?
True
Is 60719 prime?
True
Is 324469 composite?
False
Is 7937 composite?
False
Is 431619 composite?
True
Is 936131 prime?
False
Is 25031 composite?
False
Is 9914 a composite number?
True
Is 148243 a composite number?
False
Is 52493 composite?
True
Is 39953 a prime number?
True
Is 46439 composite?
False
Is 585293 prime?
False
Is 55987 prime?
True
Is 10913 a composite number?
True
Is 13259 prime?
True
Is 18686 composite?
True
Is 263009 prime?
True
Is 83299 composite?
False
Is 38749 prime?
True
Is 182203 prime?
False
Is 2350123 a prime number?
True
Is 210523 a composite number?
False
Is 6583 a prime number?
False
Is 3071 prime?
False
Is 18839 prime?
True
Is 38513 prime?
False
Is 1781 prime?
False
Is 565762 composite?
True
Is 118 composite?
True
Is 44881 a prime number?
False
Is 31718 prime?
False
Is 19541 a prime number?
True
Is 221469 composite?
True
Is 80557 a composite number?
False
Is 11089 a composite number?
True
Is 60859 a prime number?
True
Is 449543 a prime number?
True
Is 1751131 a prime number?
True
Is 68863 prime?
True
Is 1167883 prime?
False
Is 366259 a prime number?
True
Is 1559 prime?
True
Is 17617 composite?
True
Is 80273 prime?
True
Is 2735 a composite number?
True
Is 23061 prime?
False
Is 47877 composite?
True
Is 6022 a composite number?
True
Is 2851 composite?
False
Is 22367 a composite number?
False
Is 1055 a composite number?
True
Is 32531 a prime number?
True
Is 31351 a composite number?
True
Is 469 a composite number?
True
Is 37243 prime?
True
Is 1759 composite?
False
Is 5737 a composite number?
False
Is 1059199 composite?
True
Is 20329 a prime number?
False
Is 8053 a composite number?
False
Is 27689 a composite number?
False
Is 33661 a prime number?
False
Is 242789 a prime number?
True
Is 6814 composite?
True
Is 31 prime?
True
Is 190187 composite?
True
Is 4471 a composite number?
True
Is 164467 a composite number?
True
Is 57011 a composite number?
True
Is 1077 a composite number?
True
Is 3259817 a composite number?
True
Is 754163 a prime number?
False
Is 4317 a prime number?
False
Is 1397931 a composite number?
True
Is 1811 a composite number?
False
Is 305581 prime?
True
Is 271 a prime number?
True
Is 792035 composite?
True
Is 44949 composite?
True
Is 970609 prime?
False
Is 18773 a prime number?
True
Is 212167 a composite number?
False
Is 191 a composite number?
False
Is 3011 prime?
True
Is 1014863 a prime number?
True
Is 7351 prime?
True
Is 1217791 prime?
False
Is 33 prime?
False
Is 25663 composite?
True
Is 21647 composite?
False
Is 402739 a prime number?
True
Is 22963 a prime number?
True
Is 109069 prime?
False
Is 8633 composite?
True
Is 247963 a prime number?
False
Is 11201 a composite number?
True
Is 1207 a composite number?
True
Is 5123 a prime number?
False
Is 709 a prime number?
True
Is 55747 composite?
True
Is 312014 composite?
True
Is 7273 a composite number?
True
Is 19181 prime?
True
Is 1583 a prime number?
True
Is 62459 a composite number?
False
Is 1318583 a composite number?
True
Is 1252207 a prime number?
False
Is 73559 a composite number?
True
Is 30151 prime?
False
Is 69557 a prime number?
True
Is 1031671 prime?
False
Is 88187 a prime number?
False
Is 9151 prime?
True
Is 8161 a composite number?
False
Is 102791 composite?
True
Is 1889 a composite number?
False
Is 1097 composite?
False
Is 7829 prime?
True
Is 256193 prime?
False
Is 14849 a prime number?
False
Is 32987 a composite number?
False
Is 10643 prime?
False
Is 5939 a composite number?
False
Is 7457149 prime?
False
Is 145633 prime?
True
Is 33493 composite?
False
Is 7978 composite?
True
Is 23093 composite?
True
Is 9777769 a composite number?
False
Is 131233 composite?
True
Is 18937 composite?
True
Is 81383 a prime number?
False
Is 225179 a composite number?
True
Is 70049 a prime number?
False
Is 31751 prime?
True
Is 48485 a composite number?
True
Is 4791 prime?
False
Is 31091 prime?
True
Is 503989 composite?
False
Is 1186763 composite?
True
Is 175309 prime?
True
Is 191 a composite number?
False
Is 12419 prime?
False
Is 11294 prime?
False
Is 2911 a composite number?
True
Is 208469 composite?
False
Is 48221 prime?
True
Is 2651 prime?
False
Is 2149 a composite number?
True
Is 32179 prime?
False
Is 15593 composite?
True
Is 8923 prime?
True
Is 245621 prime?
True
Is 581 a composite number?
True
Is 31897 composite?
True
Is 80497 composite?
True
Is 14123 a prime number?
False
Is 281323 a composite number?
True
Is 23417 prime?
True
Is 197797 composite?
True
Is 14239 a composite number?
True
Is 24721 prime?
False
Is 521121 a prime number?
False
Is 359101 a prime number?
True
Is 13643 a prime number?
False
Is 30867 a prime number?
False
Is 1479539 a composite number?
False
Is 12709 a prime number?
False
Is 247727 composite?
True
Is 34793 a composite number?
True
Is 4469431 a composite number?
False
Is 4169 composite?
True
Is 229085 composite?
True
Is 72671 a prime number?
True
Is 38347 composite?
True
Is 33821 composite?
True
Is 26449 composite?
False
Is 121217 a prime number?
False
Is 3802 prime?
False
Is 18813 a composite number?
True
Is 15877 composite?
False
Is 677 composite?
False
Is 153229 a composite number?
True
Is 61081 composite?
True
Is 1151 a composite number?
False
Is 379382 a prime number?
False
Is 289 composite?
True
Is 7207 a prime number?
True
Is 337559 composite?
True
Is 4791 composite?
True
Is 1337551 a composite number?
False
Is 13963 a prime number?
True
Is 49613 prime?
True
Is 3967 a prime number?
True
Is 16999 a composite number?
True
Is 55343 a composite number?
False
Is 42737 prime?
True
Is 7834 composite?
True
Is 5403 composite?
True
Is 35095 prime?
False
Is 762889 prime?
False
Is 4045 prime?
False
Is 324407 a composite number?
True
Is 64499 a composite number?
False
Is 1583 prime?
True
Is 3751403 a composite number?
True
Is 12953 a composite number?
False
Is 28191 prime?
False
Is 125485 composite?
True
Is 5257 a composite number?
True
Is 316311 composite?
True
Is 6491 prime?
True
Is 79229 a prime number?
True
Is 3935 a prime number?
False
Is 25111 a prime number?
True
Is 485 a prime number?
False
Is 619667 prime?
False
Is 14197 a composite number?
False
Is 34739 a prime number?
True
Is 4453 composite?
True
Is 39853 prime?
False
Is 608459 prime?
True
Is 21433 a prime number?
True
Is 2129 a composite number?
False
Is 16937 composite?
False
Is 25078 composite?
True
Is 5317 a composite number?
True
Is 30757 composite?
False
Is 5557 prime?
True
Is 31439 a prime number?
False
Is 33206 a prime number?
False
Is 1198 a prime number?
False
Is 214391 a composite number?
False
Is 901 prime?
False
Is 9467 a prime number?
True
Is 362 composite?
True
Is 4835 composite?
True
Is 23401 prime?
False
Is 724331 a composite number?
False
Is 526367 prime?
True
Is 3761 a prime number?
True
Is 1361297 a composite number?
True
Is 43565 a prime number?
False
Is 407005 a prime number?
False
Is 48827 a prime number?
False
Is 843